10101
In base 4, what is 3 - 103?
-100
In base 14, what is -2c37 + 3?
-2c34
In base 2, what is -100101 - 10?
-100111
In base 7, what is 31252 + 5?
31260
In base 11, what is -33 + 316?
293
In base 14, what is -2 - 4a?
-4c
In base 8, what is -1453 - -2?
-1451
In base 10, what is -23 + -51?
-74
In base 15, what is 18 + 10?
28
In base 9, what is -4 + 2386?
2382
In base 3, what is -1001 + 1100?
22
In base 7, what is -15 - -13?
-2
In base 12, what is aa8 - 3?
aa5
In base 7, what is 44 - 26?
15
In base 7, what is 25 + 2562?
2620
In base 12, what is -2 + 2a?
28
In base 10, what is 7 + 562?
569
In base 5, what is 0 + 10102?
10102
In base 13, what is -5 - -7?
2
In base 5, what is 10244 - -2?
10301
In base 15, what is -2 - -6a?
68
In base 8, what is 367 + -7?
360
In base 3, what is 1020 + -11?
1002
In base 16, what is -8 - -33?
2b
In base 16, what is -3 - -28?
25
In base 3, what is -1022 + 1?
-1021
In base 13, what is 5 - -35b?
363
In base 3, what is -101212 - 11?
-102000
In base 14, what is -9 + 31?
26
In base 15, what is -3 - -18?
15
In base 14, what is -530a - 1?
-530b
In base 7, what is 5510 - 1?
5506
In base 3, what is 11 - -20022?
20110
In base 2, what is 10010011110 - -10?
10010100000
In base 6, what is 332 + 10?
342
In base 11, what is -9 + 38?
2a
In base 11, what is 5 - -436?
440
In base 3, what is 1022 - -10?
1102
In base 12, what is 1370 - -5?
1375
In base 9, what is 8 + 101?
110
In base 9, what is -361 - -2?
-358
In base 12, what is -72 + 4?
-6a
In base 12, what is 3 - -4668?
466b
In base 10, what is 8 - 370?
-362
In base 4, what is 3 + -30?
-21
In base 13, what is 32 + 0?
32
In base 11, what is a2 + 0?
a2
In base 2, what is 0 + 10111101?
10111101
In base 2, what is 10 + -1000110010110?
-1000110010100
In base 10, what is 128 + 57?
185
In base 10, what is 3 - -9?
12
In base 7, what is -605 - 6?
-614
In base 3, what is 11 + -2010?
-1222
In base 5, what is -4 + 1420?
1411
In base 2, what is -100 - 1111?
-10011
In base 15, what is -1 - caa?
-cab
In base 11, what is 3 - -893?
896
In base 8, what is -2 - 25?
-27
In base 4, what is 3 + -2113?
-2110
In base 2, what is -100 - 10100?
-11000
In base 14, what is d + -1d?
-10
In base 15, what is -3bc - 3?
-3c0
In base 5, what is -10 - 10340?
-10400
In base 9, what is 30 + -1?
28
In base 16, what is b - -21f?
22a
In base 2, what is -10000100100 - 100?
-10000101000
In base 7, what is -3 + -4115?
-4121
In base 4, what is -1021 + 0?
-1021
In base 13, what is -12 + -13?
-25
In base 8, what is 266 + 3?
271
In base 12, what is 1 - 3817?
-3816
In base 16, what is -17 - fa?
-111
In base 11, what is 3 + -292?
-28a
In base 10, what is -13 + 22?
9
In base 11, what is 145 + -13?
132
In base 15, what is -8 - -a?
2
In base 10, what is 0 + -910?
-910
In base 15, what is 0 - 99?
-99
In base 11, what is -1 + 590?
58a
In base 14, what is 5 + -29?
-24
In base 7, what is -50 - -25?
-22
In base 16, what is -5 + 6f?
6a
In base 11, what is 0 - -1001?
1001
In base 10, what is 2 + 400?
402
In base 8, what is -3 - 12230?
-12233
In base 3, what is -10110 - -12?
-10021
In base 6, what is 245432 - -5?
245441
In base 9, what is 6871 + -5?
6865
In base 14, what is 4 + -22?
-1c
In base 4, what is -202000 + -11?
-202011
In base 3, what is 2 + -122221?
-122212
In base 13, what is -8 + 40?
35
In base 4, what is 1 - -200200?
200201
In base 7, what is 156 - 0?
156
In base 3, what is -21 + 2221001?
2220210
In base 8, what is -32 + 0?
-32
In base 6, what is -524 - 2?
-530
In base 3, what is 21120220 + 2?
21120222
In base 8, what is 164 + -1?
163
In base 10, what is -26431 + 2?
-26429
In base 16, what is 19 - 3?
16
In base 16, what is 795 + 2?
797
In base 11, what is -30 - 3?
-33
In base 2, what is 100101000 + -1000?
100100000
In base 9, what is -17 - 20?
-37
In base 5, what is -1331 - 12?
-1343
In base 10, what is -333 - -1?
-332
In base 3, what is -100 - 111021?
-111121
In base 8, what is 3 - -107?
112
In base 7, what is -563 + 5?
-555
In base 2, what is 1100000 - -100110001?
110010001
In base 7, what is -1 + -345?
-346
In base 2, what is -101010 - 10010?
-111100
In base 12, what is -4 - 473?
-477
In base 15, what is -9c + 36?
-66
In base 12, what is -102 + 5?
-b9
In base 12, what is -10 - 12?
-22
In base 6, what is -52 + 13?
-35
In base 6, what is 25 + 10124?
10153
In base 9, what is 258 - -16?
275
In base 2, what is 0 - 1101001101011?
-1101001101011
In base 11, what is 6 + 881?
887
In base 9, what is 3 - 114?
-111
In base 6, what is -334 - -30?
-304
In base 14, what is 44 + -6?
3c
In base 9, what is 0 + -34?
-34
In base 5, what is 2422 + 4?
2431
In base 3, what is -11 - 222?
-1010
In base 2, what is -100 + 0?
-100
In base 12, what is 17 - -48?
63
In base 14, what is 95 - -6?
9b
In base 10, what is 59 - -7?
66
In base 2, what is 1 + 110110?
110111
In base 10, what is 2 + -62?
-60
In base 3, what is 11 - -210?
221
In base 9, what is 1408 + 3?
1412
In base 7, what is -4210 - 4?
-4214
In base 8, what is -21321 + -4?
-21325
In base 11, what is 1220 + 8?
1228
In base 15, what is 29 - 2?
27
In base 15, what is a - a?
0
In base 6, what is 4 - -241?
245
In base 10, what is -6312 + -1?
-6313
In base 14, what is ac0 - 3?
abb
In base 5, what is -222112 - 0?
-222112
In base 2, what is -110 - 100001?
-100111
In base 9, what is -1 + 7788?
7787
In base 16, what is -a1 - 8?
-a9
In base 3, what is 2 - 2001012?
-2001010
In base 2, what is 111011010 + -1?
111011001
In base 14, what is 3bb7 - -4?
3bbb
In base 16, what is -1 + 60?
5f
In base 3, what is -112 - -202011?
201122
In base 12, what is 6274 + -5?
626b
In base 5, what is 3301 - -3?
3304
In base 3, what is 12 + 21001?
21020
In base 13, what is 333 + -c?
324
In base 15, what is 1 + 9?
a
In base 2, what is -101 + -11001110011?
-11001111000
In base 15, what is 1c2 + 7?
1c9
In base 13, what is -20 - -91?
71
In base 6, what is -1 + -21044?
-21045
In base 12, what is -34 - 4?
-38
In base 6, what is 11 - 334?
-323
In base 2, what is -101111 + -100?
-110011
In base 10, what is -54 - -5?
-49
In base 4, what is 13 - 2230?
-2211
In base 9, what is -5 + 186?
181
In base 3, what is 22212 + 120?
100102
In base 14, what is -248 + 2?
-246
In base 5, what is -1 - -140?
134
In base 6, what is -11 + 3400?
3345
In base 12, what is -1a8 + -21?
-209
In base 16, what is -6 - -69?
63
In base 3, what is -20 - 1010?
-1100
In base 11, what is -5 + -24a?
-254
In base 2, what is 11 + 1000001111111?
1000010000010
In base 7, what is -2 - 25263?
-25265
In base 7, what is 2101 - -2?
2103
In base 11, what is 39 - 3?
36
In base 7, what is -1 - 3514?
-3515
In base 11, what is 3275 - -2?
3277
In base 15, what is 18 + 12?
2a
In base 16, what is -3 + -432?
-435
In base 3, what is -10 + -11200?
-11210
In base 3, what is 2112 - 10?
2102
In base 9, what is -2374 + -5?
-2380
In base 16, what is 3 + 26?
29
In base 2, what is 1100 + 11010?
100110
In base 15, what is 3 - -436?
439
In base 5, what is -10 - -411?
401
In base 10, what is -3 - 298?
-301
In base 10, what is -25 - -113?
88
In base 3, what is -101020200 + -1?
-101020201
In base 4, what is 11 - 110123?
-110112
In base 10, what is -5 + 827?
822
In base 6, what is 14023 + -1?
14022
In base 14, what is 5427 - 5?
5422
In base 14, what is -1 - 1a2?
-1a3
In base 16, what is 5 - 3cf?
-3ca
In base 4, what is 311030 + 11?
311101
In base 11, what is 2 + -69?
-67
In base 3, what is -1212220 - -1?
-1212212
In base 5, what is -2 - -21?
14
In base 12, what is 2 + 82?
84
In base 3, what is 1010 - 10?
1000
In base 12, what is a3 + -5?
9a
In base 14, what is -2a - -49?
1d
In base 16, what is f - 20c?
-1fd
In base 13, what is -6ba - -4?
-6b6
In base 9, what is -741 + 0?
-741
In base 2, what is 1010010 - -1011?
1011101
In base 9, what is 1 + -1601?
-1600
In base 4, what is 1 - 123?
-122
In base 9, what is 4 + -552?
-547
In base 4, what is 1021 - -1?
1022
In base 16, what is c41 + -3?
c3e
In base 4, what is 10 - -230?
300
In base 13, what is 5 - 31?
-29
In base 6, what is 200 - -101?
301
In base 3, what is 22001 + -12?
21212
In base 3, what is -1 + -201?
-202
In base 3, what is -12 + 211?
122
In base 12, what is 4 + 3026?
302a
In base 11, what is 336 - -5?
340
In base 3, what is -100 - 1210101?
-1210201
In base 11, what is 6 + 28?
33
In base 7, what is -460 - -16?
-441
In base 12, what is -890 - -5?
-887
In